Evaluate (1 - -1) + 1 + (-5 - 0).
-2
What is the value of 0 + 1 - (6 + -4)?
-1
What is (-4 - (-8 + 6)) + 3?
1
What is the value of 3 + (0 - 3) + 0?
0
Evaluate 3 + -1 - (-44 + 52).
-6
What is 8 - (-3 - (-4 + -6))?
1
What is 7 + 1 - (2 - -10)?
-4
What is 2 - (-4 + (-8 - -18))?
-4
What is the value of (-19 - -31) + (1 - 6)?
7
Calculate (1 - -7) + (-4 - (-4 + 4)).
4
2 + -3 - 3 - (-3 - -1)
-2
What is the value of 13 - 2 - 10 - 6?
-5
What is the value of 8 + -7 + 3 + 2 + -2?
4
Calculate 2 + (0 - 10) - -3.
-5
(5 - -3) + 0 + -3
5
Calculate (-2 - -2) + (10 - 12).
-2
1 + -12 + (1 - 7) - -7
-10
Evaluate -3 + 1 + 8 + -7.
-1
What is the value of -79 + 82 - (1 + -3 + -2)?
7
Evaluate 4 + (1 - 10) + 9.
4
What is (2 - 4) + -4 - (-8 - -5)?
-3
Calculate -2 + 0 + -162 + 162.
-2
-3 - (1 + -8 + (23 - 19))
0
-5 + 4 + -3 + -1 + 8
3
What is the value of -3 - 1 - (-1 + -2)?
-1
What is the value of 8 - (-7 + (-11 - -7 - -17))?
2
What is 13 + -15 + (-7 - 0)?
-9
What is the value of 3 + -6 + -1 + 7 + -12?
-9
Calculate -1 + -2 + -4 + 13 + -2.
4
What is 1 + (1 - (-6 - -3))?
5
Calculate -7 - (0 + -4) - (-2 + -2).
1
8 + (0 - 6) - 9
-7
What is the value of -2 - (-16 - -6) - 5?
3
Calculate -6 + 7 + -1 + -1 - 3.
-4
Calculate -6 - (-6 + 7 - (7 - -1)).
1
Calculate -5 + (2 - (-3 + 3)) - -7.
4
Calculate -1 + 3 - 0 - 7 - -2.
-3
What is the value of (26 - 16) + (-20 - -2)?
-8
Evaluate 4 - 13 - (2 - 15).
4
Calculate 5 + 6 + (-10 - (3 - 5)).
3
Calculate -3 - -3 - 2 - (-9 - -8).
-1
Evaluate -7 - (-11 + 12 - (1 - -1)).
-6
What is the value of (-1 - -6) + -9 + 4?
0
Calculate 6 - 7 - (-5 - 2).
6
What is 1 + (2 - 3) + -1?
-1
What is the value of -8 + -3 - -1 - -4?
-6
What is (-2 - -4) + 0 + 2?
4
Evaluate -6 + (5 - 1) + 2.
0
-28 - (13 + -23) - -11
-7
Calculate (-2 - -5 - -1) + 30 + -40.
-6
Calculate (5 + -3 - -2) + -5.
-1
Calculate 3 - (-8 - -9 - 3).
5
-5 - ((-1 - 4) + 2 + 1)
-3
Evaluate -5 - (-6 - (0 + 3)).
4
Evaluate -8 + (4 - 4) + 11.
3
What is the value of (7 - 0 - (72 + -60)) + 8?
3
What is (0 - 0) + -7 + 6 + -3?
-4
Calculate -1 + (9 - 2) + -11.
-5
Calculate -3 + 3 + -11 + 7.
-4
What is -1 - (0 - -2) - (-7 - -5)?
-1
What is the value of -4 - -1 - -4 - (0 + 0)?
1
Calculate -1 - (5 - 14 - (-8 - -3)).
3
Evaluate -8 - (6 + -9) - -8.
3
1 + -9 + 7 + -5
-6
-9 - (-8 + -9 + 12)
-4
What is -3 + (-9 - -10 - (-1 - -1))?
-2
What is -2 - (-4 - (1 + 1 + -3))?
1
Calculate 5 + -15 + 24 + -13.
1
What is the value of 32 - 32 - (1 - -1)?
-2
What is the value of -1 + -1 + (4 + -1 - -1)?
2
1 + -7 - (0 + 0 + -7)
1
Calculate (2 - 8) + (-17 - -27) - 6.
-2
Evaluate (-31 - -16) + 9 + -1.
-7
What is 13 + -6 - 6 - -4?
5
(1 - (-5 - -7)) + 6
5
-6 - (4 + (2 + 1 - 7))
-6
Evaluate 7 + (-7 - -10) - 9.
1
What is 6 + 0 + -2 + -7?
-3
What is the value of -3 - (-1 - (-6 - (-3 + -1)))?
-4
(2 - -3) + -5 + -5 + 11
6
Evaluate 0 - (0 + -6 + 4 - -3).
-1
Evaluate 14 - (5 + -5) - 8.
6
Evaluate 2 + (-6 - (5 + -5)).
-4
Calculate -2 - -1 - -1 - (-58 + 55).
3
What is the value of -2 + 0 + (1 - 3)?
-4
What is (24 - 12) + -6 + -1?
5
Calculate (-2 - 1) + (-21 - -18).
-6
What is the value of (-9 - -4 - -4) + 4?
3
Calculate -5 - -3 - (-3 - (1 - -1)).
3
-9 - (5 + -8) - (-10 - 4)
8
Evaluate 4 + (3 - (7 + -8)).
8
Evaluate 13 - 19 - (-6 + 2).
-2
What is 3 + (1 + -1 - -2 - 3)?
2
Calculate 2 - 1 - 2 - 2.
-3
((4 - 4) + -6 - 1) + 4
-3
What is the value of -6 - (-4 + -7 + 1)?
4
Evaluate 2 + -1 - -5 - (31 - 28).
3
What is the value of 2 - 2 - 4 - (-1 + 1)?
-4
What is 2 + -7 + (-12 - -5) + 14?
2
Calculate 1 - (4 + (-3 - -1)).
-1
Calculate -2 - 0 - -1 - -6 - 13.
-8
8 - (-5 + 6 - 0) - 3
4
What is -279 + 272 + 16 + -1?
8
Evaluate 0 + 4 - (1 - -6).
-3
Evaluate 5 + 2 + -3 - 1.
3
Evaluate (4 - (-4 - -12) - -5) + 1.
2
Calculate 7 + -6 + -2 + -7.
-8
(-1 + 0 - -2) + 2 + 0
3
What is the value of 2 - (8 + -4) - -10?
8
(0 - (-4 + 0)) + -1
3
Evaluate (-1 - -3) + (-16 - -9).
-5
What is the value of 1 + 2 + 2 - 9?
-4
Evaluate (4 - (-2 - -5)) + 1 + 1.
3
What is the value of (5 - 3 - 0 - 0) + 1?
3
What is the value of -1 + 2 + (-17 - -21)?
5
Evaluate -3 + (7 - (-1 - -6)) - 0.
-1
Calculate (5 - (-16 - (3 + -9))) + -7.
8
Evaluate 11 + -28 - (8 - 18).
-7
What is the value of 20 + 1 - (-166 - -177)?
10
What is the value of (-14 - -1) + (-4 - -6) + 3?
-8
(38 - 30) + 3 + (0 - 8)
3
10 - (-6 + -1 + 7)
10
What is the value of 31 - 24 - (-6 + 4)?
9
1 - -3 - (15 - 5)
-6
Calculate -7 + 9 + -1 - (0 - -6).
-5
5 + (-1 - 0) + -3
1
What is the value of -2 + 5 + 3 + -11 - -6?
1
Evaluate 2 + -11 + 3 + 0.
-6
0 - 1 - -7 - (427 - 427)
6
What is 2 - (-2 - (1 + -5 - 5))?
-5
What is the value of -3 + 4 - -6 - (6 - 2)?
3
-10 + 2 + (18 - 16) - -15
9
What is -3 - (5 - 1) - (-3 + 0)?
-4
What is (2 - (4 - 2)) + 3 + -7?
-4
Calculate -1 + (0 - 0) + -4.
-5
What is 6 - (7 - 6) - 9?
-4
Evaluate 1 + (2 - (8 - 4)) - 3.
-4
Evaluate 25 - 20 - (-2 + 1).
6
Calculate -12 + 6 + 2 + -5 + 5.
-4
Evaluate -5 + 4 - -5 - 9.
-5
0 - ((-6 - (-3 - -1)) + -1)
5
-1 + 9 + -1 + (-3 - -1)
5
(18 - 18) + 2 + -4
-2
What is the value of 2 - (-2 + -3 - -5)?
2
What is the value of (-6 - -5 - 2) + 6?
3
Evaluate -3 - (-24 + 14 + 2 + 6).
-1
Calculate (160 - 164) + 5 + 0.
1
-2 + 3 + -6 + 2
-3
Evaluate 0 - (-4 - -6 - (2 + -2)).
-2
What is the value of -9 - 1 - (-6 - (-1 + 1))?
-4
What is the value of (7 - 2 - 9) + 6?
2
Evaluate (1 - -4) + -2 - 0.
3
What is (-6 - -13 - 2) + -6?
-1
What is -1 + 0 + -4 + (5 - -1)?
1
Calculate 15 + -12 + (2 - 0).
5
What is -24 + 16 + (0 - -9)?
1
What is -2 + (-3 - -5) - 0?
0
Evaluate -3 - 1 - (-15 + 5 + 11).
-5
(3 - 11 - -8) + -2
-2
Calculate 30 - 26 - (2 + 5) - -4.
1
(1 - 5) + 3 + -7 - -3
-5
(1 - -2) + -5 + 2 + -1
-1
-3 + -3 - (-5 + 5 + -4)
-2
Evaluate (-9 - -2) + -3 + 7.
-3
What is (10 + -12 - 3) + (2 - 3)?
-6
Evaluate (-6 - -6 - -6 - 3) + -8.
-5
What is -9 - (0 + -8 + 5 + -2)?
-4
What is the value of -5 + (-3 - (-6 + 2)) + 0?
-4
What is the value of -4 + (8 - 2) + -6 + 1?
-3
Evaluate 7 + (-7 - -6 - 16) - -7.
-3
Evaluate -5 + 2 - -6 - (-6 - -11).
-2
What is the value of (-9 - -8) + (4 - (-2 - -3))?
2
-5 + (-2 - -14) + -5 + -4
-2
What is (-3 - (0 - (7 + 2))) + -3?
3
What is 1 - ((2 - 4 - 4) + 2)?
5
What is the value of -5 + (-6 - 1) + 10?
-2
Evaluate -2 + 3 - (-2 + 1).
2
(14 - 6) + 0 - 3
5
Calculate 7 + -16 + 7 + 2.
0
0 - ((8 - 3) + -4)
-1
What is the value of -1 + -5 - -2 - -4?
0
Evaluate -11 + 2 + 17 + -9.
-1
Calculate 11 - (-6 - (-12 + 3)).
8
Evaluate (7 - 0) + -2 + 0.
5
What is the value of 1 - (-3 + 4 + -3) - 5?
-2
5 + (-1 - -4) + -5
3
What is the value of 7 - (5 - -4) - 2?
-4
0 + (6 + -2 - (-12 - -12))
4
Evaluate 2 - (0 - -4) - -4.
2
What is 2 + 0 + -3 + 15 + -14?
0
Evaluate (5 - 7) + 3 - (5 - 1).
-3
Evaluate -1 + -4 + 4 + -4 + 3.
-2
What is the value of 11 + (2 + 7 - 21)?
-1
Calculate 3 - (-3 + 6) - -7 - 3.
4
What is the value of 5 + (2 - 2) + (0 - 0)?
5
Calculate (2 - 0) + (-3 - (3 + -4)).
0
What is the value of -8 + 3 + -2 - (-9 - -3)?
-1
What is 0 - 1 - -4 - (4 - 0)?
-1
What is 6 - (9 + -4 + 0)?
1
What is the value of (2 - 7 - (-1 - 0)) + 1?
-3
Evaluate 13 - 8 - 7 - (2 - 0).
-4
Evaluate 20 + -25 + 8 - (0 + 1).
2
What is 1 + -4 + 0 + -15 + 19?
1
Calculate 0 + 2 + (3 - 6 - -2).
1
What is -9 - -3 - -6 - -5 - 10?
-5
Evaluate -7 + 4 + -6 + 19.
10
Evaluate (2 - -5) + -1 + -2.
4
Evaluate -2 - (-4 + -4 + 4 + 3).
-1
Evaluate -5 - (-3 + -8 + 2).
4
Evaluate 1 + (1 - 3 - -6) + -1.
4
Calculate (-11 - (1 - 14 - -7)) + 8.
3
-1 + 12 + (0 - (-1 + 6))
6
Calculate -9 + (9 - (10 + -3)).
-7
3 - (-4 + (2 - 0))
5
Calculate 6 + (-11 - (4 - 13)).
4
What is -8 + 4 + (12 - 0)?
8
What is 3 - ((1 - (2 + -7)) + -3)?
0
Evaluate 2 - (15 + -16 - (1 + 4)).
8
What is -3 - (5 + -12 - 1)?
5
What is the value of (-4 - 1) + (-21 - -29)?
3
(5 - (5 + (5 - 15))) + -5
5
What is 4 + -1 - 3 - (-16 + 25)?
-9
What is (-7 - -13) + 2 + -4 + 2?
6
What is -5 + -1 + 6 + -5?
-5
What is the value of -16 - ((-14 - (0 - 2)) + 5)?
-9
-11 + 20 - (6 - 2)
5
What is 0 + -2 - (-8 - -2)?
4
What is the value of 366 + -372 - ((-1 - 0) + -6)?
1
What is -7 - (-2 + -2) - 1?
-4
What is (5 + 1 - 6 - -5) + -3?
2
-6 - -5 - -4 - (1 - 0)
2
-7 + (-5 + -3 - -14)
-1
What is 2 + -2 + (-5 - (3 - 12))?
4
What is the value of (-6 - ((-6 - -5) + -8)) + -2?
1
What is -1 + -1 + (0 - -5) + -7?
-4
What is (-21 + 8 - -9) + -3?
-7
What is 0 + -10 + (12 - (18 - 9))?
-7
Evaluate (